 Let x be i(6). Let w(p) = -p**2 - 15*p + 6. Let f be w(-9). Calculate the highest common factor of f and x.
12
Let d be ((-2)/(-6))/(3/171). Suppose -d = -3*n + 5. Suppose -2*w = x + 2*w - 92, 0 = 5*x + w - 441. What is the highest common divisor of n and x?
8
Suppose 0*g - 36 = -g. Suppose -4*o + 4*u + 36 = o, -8 = o + 3*u. What is the greatest common divisor of g and o?
4
Let a = 43 + -11. What is the greatest common factor of 4 and a?
4
Let f = -332 + 685. Suppose f = 3*k - h, 0 = -2*h + 13 - 5. What is the greatest common divisor of 17 and k?
17
Let d(q) be the first derivative of -2/3*q**3 - 1/4*q**4 + 1 - 3*q + 0*q**2. Let w be d(-3). Calculate the greatest common divisor of 4 and w.
2
Let z be (4/10)/((-1)/(-15)). Suppose 3 = -2*c + 63. What is the highest common divisor of z and c?
6
Suppose -l = -a - 25, -2*l + 47 = 2*a - 5*a. Let y = 7 + 0. Calculate the greatest common divisor of y and l.
7
Let a = 14 - 2. Calculate the greatest common divisor of a and 16.
4
Let g = 9 - -11. Calculate the greatest common factor of 100 and g.
20
Suppose -4*a + a + 18 = 5*w, 16 = 4*w + 4*a. Suppose w*b - 2*b = 15. Let s = -19 - -25. Calculate the highest common divisor of s and b.
3
Suppose -62 = -4*z + 442. Suppose 0*s = 3*s - z. Let p = 66 - s. Calculate the highest common divisor of 16 and p.
8
Let x(h) = -7*h + 7. Let w be x(-11). Let z = -16 + 28. Calculate the greatest common factor of z and w.
12
Let m = -20 + 19. Let i be (-14)/(-28)*(9 + m). Calculate the highest common divisor of 2 and i.
2
Suppose -4*s = -64 - 56. Let r(m) = m**3 - 5*m**2 + 3*m. Let x be r(4). Let f be 2/(-8) + (-49)/x. Calculate the greatest common factor of f and s.
6
Let u = 813 - 559. Let s = 359 - u. What is the highest common divisor of s and 42?
21
Suppose n - 13 - 5 = 0. Calculate the highest common factor of 6 and n.
6
Suppose 4 = 9*b - 14. Let k(y) = y**2 + 2*y - 1. Let g be k(-5). Suppose 4*t - g - 50 = 0. Calculate the greatest common factor of t and b.
2
Suppose 0 = -6*f - 28 + 268. Calculate the highest common divisor of f and 16.
8
Suppose 3 = w - 5. Let t = -34 + w. Let d = -14 - t. Calculate the greatest common factor of 48 and d.
12
Let p = -8 + 12. Calculate the greatest common factor of p and 44.
4
Let u(p) = 5*p - 16. Let d(g) = g**3 - g**2 + g + 1. Let n be d(2). Let c be u(n). What is the greatest common divisor of c and 19?
19
Let a = 4 + 10. What is the highest common factor of a and 14?
14
Let g be (-3)/3*(2 + -15). Suppose -g*z + 54 = -12*z. What is the greatest common divisor of 36 and z?
18
Let c = -1 - -3. Suppose c*j + 39 = -j. Let v = 20 + j. What is the highest common divisor of 21 and v?
7
Let g(n) = 33 + 2 - 9 + n - 2. Let r be g(-10). Calculate the greatest common divisor of 21 and r.
7
Let j = 1 - -2. Let t be (-2744)/(-84) - 2/(-6). Calculate the highest common factor of j and t.
3
Let q(d) = -d**3 + 7*d**2 + 4*d + 10. Let p be q(7). Suppose -41 - 16 = -h. Calculate the greatest common divisor of p and h.
19
Let l(o) = 31*o**2 + o - 1. Let k be l(1). Suppose 5*b - 9 = k. What is the highest common divisor of 16 and b?
8
Let n be ((-18)/(-8) - (-21)/28)*5. Calculate the greatest common divisor of 3 and n.
3
Let v be (-196)/(-8)*(2 - 0). Calculate the highest common factor of v and 7.
7
Suppose 3*d - v + 20 - 240 = 0, 3*v = d - 60. Calculate the greatest common factor of 15 and d.
15
Let l(i) = -1 + 16*i**2 + 0 + 2*i + 0*i**2. Let p be l(1). Suppose -q = -100 + 32. What is the highest common factor of q and p?
17
Suppose -3*f - 4*q + 5 = -18, 10 = f - q. Suppose -3*u + 208 = u. Let v = u + -34. Calculate the greatest common factor of v and f.
9
Let y be (-1 + 1)/(0 - 2). Suppose 1 + y = r. Calculate the greatest common divisor of 1 and r.
1
Let m = 4 - 4. Let j be m/(((-6)/2)/3). Suppose j = 2*a - 13 - 11. What is the greatest common divisor of a and 3?
3
Let i(j) = -j + 1. Let g be i(-11). Let w(v) = -v**2 - 8*v - 6. Let n = -15 - -9. Let q be w(n). Calculate the highest common factor of q and g.
6
Suppose p = 3*p - 600. Suppose -j = -5*j + p. Let m be 1/(-5) + 151/5. Calculate the greatest common divisor of j and m.
15
Let j = 4 - 8. Let h be (3 - 9)*10/j. What is the greatest common divisor of 135 and h?
15
Suppose t = -0*t. Let z be (-2)/2*(t + -59). Suppose 6*a = 3*q + 2*a - 40, -5*q = a - z. What is the greatest common divisor of 8 and q?
4
Suppose -i = i + 4*k - 94, -5*k = -i + 12. What is the highest common factor of 74 and i?
37
Let r(k) = 2*k + 1. Let n be r(-1). Let l = n + 3. Let y be (-128)/(-6) + l/3. What is the greatest common divisor of y and 33?
11
Let n(t) = -t**3 + 8*t**2 - 4*t - 12. Let y be n(7). Calculate the highest common factor of y and 99.
9
Let w(b) = -2*b - 18. Let f be w(-12). What is the greatest common divisor of 18 and f?
6
Let x(j) = -j**3 + 4*j**2 + 5*j + 3. Let b be (1/(-2))/(1/(-10)). Let w be x(b). Suppose -w*g + 7 = -2. Calculate the highest common divisor of 3 and g.
3
Suppose 0 = -3*v + 108 - 21. Calculate the highest common divisor of v and 29.
29
Suppose 2*c = -3*c + 4*t + 14, -4*c + 40 = 4*t. Let m be 3/c + 79/2. Calculate the highest common factor of m and 8.
8
Suppose 5*c + 3*q = -15, 4*c - 5*q = -c - 15. Let i be 5 - -3 - (-2 - c). Calculate the greatest common divisor of 1 and i.
1
Suppose 2 = l + 8. Let j = 0 - l. Suppose k + 3 - j = 0. What is the greatest common divisor of k and 15?
3
Let s(n) = n**2 + 2*n + 8. Let a be s(-6). Let z(m) = -2*m + 12 + 5*m + 2 - 2*m. Let b be z(-10). What is the greatest common divisor of b and a?
4
Let z be 3*((-224)/3)/(-4). Suppose 0*u - u = -z. What is the highest common factor of 7 and u?
7
Suppose -2*j = -w + 2*j + 14, -3*w + 5*j = -14. Let p be (w*(-2)/4)/1. Calculate the greatest common divisor of p and 1.
1
Let h = 10 + -8. Suppose 19 = -5*g + h*j, -17 = 4*g - 4*j + 3*j. Let u(t) = -17*t + 3. Let i be u(g). What is the greatest common factor of i and 22?
22
Let d = 9 + -5. Calculate the highest common divisor of 4 and d.
4
Let f = 74 + -113. Let v be (-1)/2 + (-147)/6. Let d = v - f. What is the greatest common factor of d and 14?
14
Suppose -3*h + 24 = h. Let z(a) = 14*a + 6. Let f be z(h). Calculate the highest common divisor of 36 and f.
18
Let m = 11 - -5. Calculate the greatest common factor of m and 40.
8
Let a = -14 - -27. Calculate the greatest common factor of a and 13.
13
Let t be 126 + (-5)/5 - -1. Calculate the greatest common divisor of t and 14.
14
Suppose 4 = v, -58 = -4*p - 2*v + 6. Calculate the highest common divisor of 28 and p.
14
Suppose k + 7 - 8 = 0. Suppose -6 = -3*p - 0. What is the greatest common factor of p and k?
1
Let m = 20 + -29. Let u be (m/(-6))/(4/96). Let c be 63/15 - (-2)/(-10). What is the greatest common factor of u and c?
4
Let u = -124 + 174. Let l(j) = -20*j. Let a be l(-1). What is the greatest common divisor of a and u?
10
Let o(g) = g**3 - g**2 - 2*g. Let z be o(2). Suppose 2*m = -z*m + 6. Suppose 5*p - 12 = 108. Calculate the greatest common divisor of p and m.
3
Let d be (1 - 2*-39)/1. Suppose 5*t - d = -19. What is the greatest common divisor of t and 18?
6
Let j be ((-10)/6)/((-11)/(-33)). Let p = 8 + j. Suppose 2*h - 14 = -2*i, -p*i - 2*h + 20 = 2. Calculate the highest common factor of 10 and i.
2
Let l(n) = n + 1. Let v be l(2). Suppose 0 = -8*f + v*f + 25. What is the greatest common factor of f and 2?
1
Let z(n) = n**3 + 7*n**2 + 4*n - 8. Let g be z(-6). Suppose 0 = -6*b + 4*b - 4. Let j = g + b. What is the greatest common divisor of 14 and j?
2
Let i be 7/14 + (-18)/(-4). Calculate the highest common divisor of i and 65.
5
Let d be 1/3 + 16/(-12). Let k(x) = -15*x + 1. Let q be k(d). Let i(j) = j**2 + 2*j + 2. Let w be i(-2). Calculate the highest common divisor of w and q.
2
Let v = 5 - 7. Let r be (-207)/(-4) + v/(-8). Let z = 21 + -8. Calculate the highest common factor of z and r.
13
Suppose 5*h - 34 = 1. What is the highest common divisor of 56 and h?
7
Let t(x) = x**2 - 4*x + 15. Let g be t(0). What is the highest common factor of g and 10?
5
Let o(h) = h**2 + 11*h + 15. Let q be o(-10). Let g be ((-164)/q)/((-6)/30). Suppose 5*f - g = 151. What is the greatest common divisor of 7 and f?
7
Let x = 52 - 50. Calculate the highest common factor of 10 and x.
2
Let s = -47 + 48. What is 